o - 2 = 3*l, -3*l + 5 = i. Determine d(i).
5
Let j(g) = g**2 + 5*g - 4. Let y be j(-6). Let o = -2 - -5. Let c(z) = z - 4 + 5*z**3 - 4*z**o + 3. What is c(y)?
9
Let o(m) = -m + 11. Let z be o(5). Let b(w) = -2*w + 5 + z*w - 3*w. Determine b(-3).
2
Let w(z) = -4*z**2 - 6*z + 13. Let n(d) = -5*d**2 - 6*d + 14. Let a(t) = 5*n(t) - 6*w(t). Calculate a(6).
-8
Let t(h) = -h**3 + 7*h**2 + 7*h + 10. Let b = -9 + 17. Let l be t(b). Let s(z) = z. Give s(l).
2
Let k(y) = -y**3 - y**2 + y + 14. Let g be (-1)/(-2)*(30 - 30). Calculate k(g).
14
Let u(i) = 5*i - 8. Let x(d) = 9*d - 15. Let r(l) = -11*u(l) + 6*x(l). Suppose -a - g = 0, 19 = -5*a + 5*g - 21. Let f be (a - (0 + -1)) + -2. Calculate r(f).
3
Let f(u) = -50*u**2 + 0*u - 3*u + 51*u**2. Let s be (4/(-10))/((-4)/(-20)). Let p be (4/(-3))/(s/3). Give f(p).
-2
Suppose 2*k - 25 = 3*m, 3*k + 1 - 6 = -2*m. Let h(d) = -d**3 - 4*d**2 + 6*d + 5. Give h(m).
0
Suppose 2*v + 5 = -3*v. Let f(t) = -1. Let c(w) be the second derivative of w**3/3 - 6*w**2 + w. Let r(a) = -c(a) + 12*f(a). Give r(v).
2
Let c(i) = -i**3 + 11*i**2 + 11*i + 4. Let b be 98/8 + (-2 - 42/(-24)). What is c(b)?
-8
Let s(l) = -l**3 - 7*l**2 + 12*l + 12. Let b(h) = -h**3 - 7*h**2 + 13*h + 13. Let d(x) = -3*b(x) + 4*s(x). What is d(-8)?
1
Suppose 0 = -2*n + 5*n + c - 39, -30 = -2*n - 2*c. Let m = n - 8. Suppose m*k = -i + 8, 8 = -3*k - k - 5*i. Let d(h) = h**2 - 4*h. Calculate d(k).
-3
Suppose -1 - 19 = -4*v. Let d = v + -3. Let s(m) = m**d + 4*m - 3 - 1 + 8. Determine s(-3).
1
Let a(t) = t**3 - 4*t**2 + 3*t - 2. Suppose -15 = -5*l - v, 5*l - 3*v - 5 = -2*v. Determine a(l).
-4
Let i(t) = 2*t**2 - 3*t - 15. Let j(p) = p**2 - 2*p - 8. Let z(x) = 3*i(x) - 5*j(x). Let c = 0 + 0. Let h be (c - 0)/(1 + 0). Determine z(h).
-5
Suppose -5*a + 3 = -4*a. Suppose -q = -a*q + 8. Let f(g) = g - 4. Calculate f(q).
0
Let q(s) = -s + 3. Suppose -2 + 10 = 4*u, -5*c + 43 = 4*u. Let l be q(c). Let v(b) = 3*b - 3*b**3 + 2*b**3 + 3 + 2*b**2 - 5*b**2. Determine v(l).
7
Let y(t) = -2*t - t**2 - t + 7 + 9*t. Determine y(6).
7
Let d = 2 - 2. Let x = d + 3. Let b(z) = 1 + x - 7 + z**2 + z. What is b(0)?
-3
Let w(o) = -15*o**2 + 3*o - 10. Let n(l) = 5*l**2 - l + 3. Let j(y) = -7*n(y) - 2*w(y). Determine j(1).
-5
Let q(x) = -x**3 + 4*x**2 + 3*x - 2. Suppose -2*a - 5*b = 11, -16 = -4*a + 4*b + 4. Let n be a/11 + (-84)/(-22). Give q(n).
10
Let i(y) = 14*y**2 + 3*y - 8. Let u(g) = 5*g**2 + g - 3. Let o(w) = -6*i(w) + 17*u(w). Let l(b) = -b**3 - 2*b**2 + b + 2. Let z be l(-2). What is o(z)?
-3
Let c(r) be the third derivative of -r**6/120 - 7*r**5/60 + 5*r**4/12 + 11*r**3/6 - 6*r**2. What is c(-8)?
-5
Let g(h) = h - 3. Let v(a) = -a + 6. Let t be v(6). Suppose t = 3*r - 4*r + 3. Let s be 16/r - 4/12. What is g(s)?
2
Suppose -5*d = -3*d - 36. Let s = d + -13. Let u(a) = -2*a - s - a + a**2 + 2*a. What is u(4)?
7
Let d = 12 - 9. Let w(o) = o - 5 + o - d*o. Calculate w(-5).
0
Let d(f) = -f**2 - 8*f - 4. Let y = 6 - 12. Determine d(y).
8
Let b(s) be the first derivative of s**4/12 - s**3 + 2*s**2 + s + 1. Let m(r) be the first derivative of b(r). What is m(3)?
-5
Let a(z) be the first derivative of -z**3/3 + z - 6. What is a(-2)?
-3
Let y(g) = g**2 - g**3 - 5*g - 2*g**2 + 2*g**3 - 82 + 87. Let c be y(2). Let v(s) = 2*s - 1. Give v(c).
-3
Let y(b) = b**3 - 6*b**2 - 6*b + 3. Let d be (-848)/(-80) - (-4)/10. Let a(p) = -5*p**3 + 31*p**2 + 31*p - 16. Let u(g) = d*y(g) + 2*a(g). What is u(5)?
6
Let j(z) be the first derivative of 3 + 3*z**2 - 3*z - 1/3*z**3. What is j(3)?
6
Suppose 0 = 5*n - 14 + 39. Let t(x) be the third derivative of -x**5/60 - x**4/8 + x**3 + 2*x**2. What is t(n)?
-4
Let s be (-6)/(-1) + (-2)/1. Let i(v) = 3*v + 5. Let r(o) = -2*o - 2. Let k(q) = 3*i(q) + 5*r(q). What is k(s)?
1
Let b(z) = -12*z + 8*z - 2*z + 2*z + 2. Let m(o) = -2*o**3 - o**2 - 2*o - 1. Let a be m(-1). Determine b(a).
-6
Let y(q) = 5*q**2 + 14. Let o(f) = -2*f**2 - 8*f + 15. Let k(u) = u**2 + 5*u - 10. Let d(v) = 8*k(v) + 5*o(v). Let h(l) = -17*d(l) - 6*y(l). Determine h(1).
5
Let o be ((-2)/1 - -3)*0. Let t(k) = -k**2 - 3*k - 1 + 8*k + o + 2. Give t(4).
5
Let d(s) = -11*s - 4 + 2*s - 3*s + 7*s**2 + 4*s + s**3. Calculate d(-8).
-4
Let g(b) = -2*b + 3*b - 2 + b + 0*b. Give g(2).
2
Let i(c) = -c**3 + c**2. Let z(o) = 2*o**3 + 4*o**2 - 4*o + 7. Let a(l) = i(l) + z(l). What is a(-6)?
-5
Let t(r) = -2*r**2 - r - 1. Let v = -69 + 68. What is t(v)?
-2
Let j(t) = -t**3 + 4*t**2 - 3*t - 3. Let w(b) = 3*b - 2. Let u be w(2). Let r be 2/u - 1/2. Suppose r = 2*p + 2, -3*m = -5*p - 12 - 2. Give j(m).
-3
Suppose -3*u + 11 = 2. Suppose -7*y + u*y - 5*r = 6, -r - 7 = -5*y. Let k(v) = 9*v - 1. Calculate k(y).
8
Let a(c) = -2*c + 3. Let b(n) = -n + 2. Let d(v) = -2*a(v) + 3*b(v). Give d(-6).
-6
Let w(d) = -d**3 + d. Let z(r) = 3*r**3 - 4*r**2 + r + 6. Let y(q) = -4*w(q) - z(q). What is y(-5)?
-6
Let s(o) be the third derivative of 0*o - 1/60*o**5 + 0 + 5/6*o**3 + 5*o**2 - 1/8*o**4. Calculate s(-4).
1
Suppose 58 = 2*m + 2*s, 2*m - 77 = -m - s. Let q be (m/9 + -3)*-6. Let d(x) = -2*x - 2. Determine d(q).
-6
Suppose y = c - 2, -4*y - 3*c + 1 - 2 = 0. Let t(j) = 2*j - 1. What is t(y)?
-3
Let k be (-3)/(2/4*-2). Let s(q) = -3*q + 3*q**k + 4*q - q**3. Suppose -2*a + 2*c = 2, 7 = -2*a + 5*c - 1. What is s(a)?
3
Let g(z) = -64*z + 30*z - 3 + 42*z. Calculate g(2).
13
Let t be (-42)/10 + (-2)/(-10). Let g(n) = 5*n**2 + 4*n + 1. Let b(c) = 11*c**2 + 8*c + 1. Let f(s) = -4*b(s) + 9*g(s). Give f(t).
5
Let z(l) = l - 11. Suppose -6*d + 65 = -25. Calculate z(d).
4
Let a be ((-14)/(-3))/1*-3. Let o be 8/(-28) + (-102)/a. Let w(q) = -q + 9. Let b be w(o). Let g(p) = -p**2 + 2*p - 3. Calculate g(b).
-3
Suppose -22 = 4*o + j, 2*o + 2*o + 5*j = -30. Suppose 14 = l + 1. Let c(r) = -11*r + 3. Let w(m) = 5*m - 2. Let y(t) = l*w(t) + 6*c(t). Calculate y(o).
-3
Let q(c) = c - 3*c**3 - 1398 + 1398. What is q(1)?
-2
Let k(q) be the second derivative of q**4/4 + 48*q. Give k(1).
3
Let a(h) be the third derivative of -h**5/10 + h**4/24 + 2*h**2. Let u be (15 - 3)*(-1)/(-3). Let t be 2/u*2*-1. Calculate a(t).
-7
Suppose 2*s = -2*m + 14, -3*m + 13 = s + m. Let k(u) be the second derivative of 0 - 1/20*u**5 - 2/3*u**3 + u - 7/2*u**2 + 1/2*u**4. Calculate k(s).
-2
Let x(t) = t**2 + 4*t - 1. Suppose 0 = p + 2*u - 33, 2*u + 30 + 37 = 3*p. Suppose 3*j - p = 14. Suppose -2*m - j = 3*d, -m - 7*d = -2*d + 10. What is x(m)?
4
Let q(i) = i + 3. Let a(l) = 2*l**2 + 3*l + 2. Let z be a(-1). Suppose -2*m + z = 7. Determine q(m).
0
Let r(f) be the second derivative of -f**5/30 - f**4/8 + f**3/6 - f**2 - 2*f. Let d(i) be the first derivative of r(i). Calculate d(-3).
-8
Let o = -6 - -5. Let y(j) = 15*j + 1. Calculate y(o).
-14
Let g(v) be the first derivative of 0*v**2 - 2 + 1/2*v**4 + 2*v + 1/3*v**3. Give g(-2).
-10
Let o = 2 + -2. Let z(c) = c**3 + 17*c**2 - c - 15. Let w be z(-17). Suppose o = -w*u + 1 + 3. Let s(h) = 3*h**2 - 2*h - 1. Give s(u).
7
Let x(v) be the first derivative of -v**3/3 + v**2 + 6*v + 16. Suppose 5*w + 1 = 26. Determine x(w).
-9
Let w(y) be the third derivative of -1/6*y**3 + 0 + 1/8*y**4 + 0*y - 2*y**2. What is w(-2)?
-7
Suppose 9 = -3*a - 24. Let k = a + 18. Suppose -3*l - 2*p - 4 = 0, l = 3*l - 3*p + k. Let o(b) = b**3 + 4*b**2 - b - 2. Give o(l).
8
Let z(a) = -2*a - 2. Let d(j) = j**3 - 5*j**2 - 3*j - 8. Let m be d(6). Let t be (-2 - (-24)/15)*m. Let w be t + 1 + 1 + -1. Determine z(w).
4
Let x(i) = -13 - 8*i**2 + 9*i + 3 + 3 + i**3 + 1. What is x(7)?
8
Let s(u) = u**3 - u + 1. Let x(z) = -4*z**3 + 6*z**2 + 10*z - 8. Let j = 3 - 4. Let q(p) = j*x(p) - 5*s(p). Let r be 0 + -6 - -1*1. What is q(r)?
3
Let q(u) be the second derivative of -u**5/60 - u**4/24 - u**3/6 + 2*u. Let c(v) be the second derivative of q(v). Let g = -18 - -13. Determine c(g).
9
Let d(i) = -11*i - 1. Let l = 5 - 4. Determine d(l).
-12
Let q(f) = 4*f - 7. Let j(y) = 1. Let i(w) = 6*j(w) + q(w). Give i(-1).
-5
Let t(u) = -u**3 + 7*u**2 + 9*u - 8. Let o be t(8). Let j(c) = -c**2 + 0*c - 3*c - 4 + 2*c. Give j(o).
-4
Let g(u) = 0*u + 4*u - 5*u - 2. Let l = -6 - -16. Suppose -3*m + 10 = -2*w - m, 2*w + 4*m + l = 0. Calculate g(w).
3
Let t(v) = -v**2 + 3*v - 1. Let b = 8 - 5. Calculate t(b).
-1
Suppose 2*h - 4 = -2*h. Let q(a) = 0 + 0 - 5*a**2 + 1. Give q(h).
-4
Let